highest common factor of 406 and b?
29
Let x be 8/(-20) + (-1135)/(-25). Let q be (x/12 - 4)*-76. Suppose -21*u = -q*u - 72. What is the highest common factor of 12 and u?
12
Let k be (-18)/2 - 0/3. Let w(j) be the first derivative of -j**3/3 - 6*j**2 - 3*j + 46. Let p be w(k). What is the greatest common factor of p and 60?
12
Let n(w) = -6*w - 10. Let r be n(-7). Suppose -r*v + 84 = -18*v. Let l(k) = 30*k**2. Let u be l(-1). Calculate the greatest common divisor of u and v.
6
Let u = 522 + -523. Let i be (-12)/(-36) - (u - 56/12). Let o = -20 + 30. What is the highest common factor of o and i?
2
Let c = 7809 + -5343. What is the highest common divisor of 54 and c?
18
Suppose -22*z = -21*z - 5. Suppose 10*u - v = z*u + 12, 3*u - v - 6 = 0. Let h be (0 - 4/(-6))/(u/54). Calculate the highest common divisor of h and 2.
2
Suppose 8447 = -3*i - d + 3304, -6869 = 4*i - d. Let x be (i/(-264))/((2/(-72))/(-1)). Calculate the greatest common divisor of x and 9.
9
Let r = 12255 + -12246. What is the greatest common factor of r and 37206?
9
Let h(g) = g**2 + 24*g + 127. Let p be h(-31). Calculate the greatest common factor of 24 and p.
8
Let n(s) = -10*s**2 + 10*s + 222. Let k be n(-10). Let o = k - -880. What is the greatest common divisor of 25 and o?
1
Let g be 5111 - (16 - 18 - 20). What is the highest common divisor of 118 and g?
59
Suppose 0 = -5*f - 3*f + 480. Let u(w) = 52*w - 11. Let t be u(9). Suppose -4*p - 97 = -t. What is the highest common divisor of p and f?
30
Suppose -27*r + 1180 = 5*r + 27*r. What is the greatest common factor of r and 108?
4
Suppose 5*f + 165 = 2*h + 9, 4 = f. Calculate the highest common divisor of 715 and h.
11
Let x(f) = -203 + 3*f**2 - 198 + 368 + 15*f. Let v be x(6). What is the highest common divisor of v and 66?
33
Suppose 238*h + 28*h - 236640 = 62*h. What is the highest common divisor of 87 and h?
29
Let u be (93025/(-75) - -23)*(-6)/4. What is the highest common divisor of 1162 and u?
166
Let h(o) = -o**2 + 9*o - 59. Let d be h(0). Let i = d - -140. What is the highest common divisor of 9 and i?
9
Let t(h) = 7*h + 10*h + 40 + h**2 - 4*h - 2 + 33. Let c be t(-6). What is the greatest common factor of 261 and c?
29
Let z = 6017 - 5540. Calculate the highest common divisor of 279 and z.
9
Suppose 68*n = -55 + 803. Let o be (0 + 10)*(-15)/(-2). Let l = 119 - o. What is the highest common factor of l and n?
11
Let p be (0 - -1)/(48/(-14160)). Let d = 377 + p. What is the greatest common divisor of d and 369?
41
Suppose -j + 428 = -5*h, 0 = -4*j + j + 4*h + 1251. Suppose j = 7*v + 105. What is the greatest common factor of v and 11?
11
Let a be (11 - 961)/(-25) - 1*9. Let z be 935 + -3 - (4 - 0). What is the greatest common divisor of a and z?
29
Let d = -7324 + 7576. Calculate the highest common factor of 476 and d.
28
Let b be (77 + -75)*30/4. Let a = 25 + -6. Let y = a + 26. What is the greatest common factor of y and b?
15
Suppose -113 = -2*i - 5*b, 4*b + 16 = 5*i - 184. Let l be (-1694)/33*(-159 - -156). What is the highest common factor of i and l?
22
Suppose -2*s - 874 = 12*n - 15*n, -21*n - 2*s = -6038. What is the greatest common divisor of n and 90?
18
Let p = -22 - -25. Suppose -3*j + 12 = -2*j + p*i, 4*j - 3*i - 3 = 0. Let z = 488 - 486. Calculate the highest common divisor of j and z.
1
Suppose -1817 = -38*b + 46329. What is the highest common divisor of 7 and b?
7
Let c = -8279 + 8285. What is the highest common divisor of c and 4506?
6
Suppose -m = -37 - 62. Suppose 108 = 3*a - 0*a + 3*a. Calculate the highest common factor of m and a.
9
Let n be -1 + (3 - (12 - 8)) + 5 + 2. Let w be ((-11)/2)/((-5)/50). Calculate the highest common divisor of n and w.
5
Suppose -32*w = -12*w - 116*w + 13632. What is the greatest common divisor of w and 1633?
71
Let u be ((-35)/1)/(1/(-9)). Calculate the greatest common divisor of u and 1305.
45
Let q = 49017 + -33287. What is the greatest common divisor of 220 and q?
110
Let k be (-138)/(-24) + (-10)/(-40). Let y(b) = 13*b**2 + 15*b + 32. Let m be y(-5). Calculate the highest common factor of m and k.
6
Suppose -5644*r = -5711*r + 97686. Calculate the highest common divisor of 459 and r.
27
Suppose 14*c = 2*c - 144. Let o(n) = -n**3 - 13*n**2 - 18*n - 46. Let r be o(c). Calculate the greatest common factor of r and 26.
26
Let r(i) be the second derivative of 7/2*i**2 + 0 - 15*i - 28/3*i**3. Let n be r(-3). Calculate the highest common divisor of 70 and n.
35
Let i(k) = -3*k. Let t be i(0). Suppose t = -6*p + 201 - 57. Calculate the greatest common factor of p and 12.
12
Suppose 1379 = 33*n + 389. Calculate the highest common factor of n and 255.
15
Suppose 0 = -594*y + 492*y + 4080. What is the greatest common factor of y and 3220?
20
Suppose 0 = 25*h + 83 - 136 - 47. What is the highest common factor of h and 1198?
2
Suppose -110 = 2*u - 30. Let a be u/(-18) + 12/(-54). Suppose 0 = -2*h - 4*x - 14, 5*h - 20 = h + 4*x. What is the highest common factor of a and h?
1
Let f = 68 - 66. Let z be (0/(2 + 0 + 1))/f. Suppose z = 17*n - 12*n - 70. Calculate the greatest common divisor of 21 and n.
7
Let d(k) = 10576*k - 5066. Let j be d(5). What is the highest common divisor of j and 13?
13
Suppose 294*w = 279*w + 150. Calculate the greatest common factor of 50030 and w.
10
Let u be (3627/(-12))/(9/(-156)). Calculate the greatest common divisor of u and 31.
31
Suppose 1754*k - 730584 = -804*k + 497256. Suppose -1 - 5 = -c. Calculate the highest common divisor of k and c.
6
Let g(c) = -c**2 - 22*c - 57. Let a be g(-19). Suppose -b - 37 = -k - a*k, -27 = -k - b. What is the greatest common factor of k and 20?
4
Suppose 723 + 240 = 4*h - 217. What is the greatest common factor of h and 5?
5
Let f = 532 - 233. Let p be (0 - 207/(-15))/(12/40). Calculate the greatest common factor of p and f.
23
Let t be -8*4/8 + -22. Let y = t - -50. Let p be (16 - 14)*(-2 + 98). Calculate the highest common divisor of p and y.
24
Let j be 1*(-6 + 0)*140/(-8). Calculate the highest common divisor of 60 and j.
15
Let p(a) = -a**3 + 3*a**2 + 10*a - 2. Let x be p(5). Let d be (x - -6)*18/3. What is the highest common factor of d and 456?
24
Suppose -71*h - 35 = -80*h + 100. Calculate the greatest common factor of h and 24.
3
Let o = 11264 + -9354. Calculate the highest common divisor of o and 10.
10
Let s be -9 - (-19)/(95/40). Let p be 40/50*s*(-2 - 233). What is the highest common divisor of p and 4?
4
Let o be 96/(-4)*2*(-38 + 1). Suppose -3*d + o = 9*d. What is the greatest common factor of 8 and d?
4
Let g = 1246 - 715. Let f(b) = -b**3 + 94*b**2 - 762*b - 137. Let q be f(85). What is the highest common divisor of g and q?
59
Suppose 18*h = 20*h. Suppose 5*z - 4*x - 310 = h, -z + 2*x = x - 61. What is the highest common factor of 6 and z?
6
Suppose 18*y - 2 = 34. What is the highest common factor of 3150 and y?
2
Suppose -5*x + n + 276 = 3, 0 = -4*x + 2*n + 222. Calculate the greatest common factor of 846 and x.
18
Let x(p) = -p**3 - 19*p**2 - 20*p - 34. Let o be x(-18). Suppose -112 + 4 = -o*s. Calculate the highest common divisor of 81 and s.
27
Suppose 0*k + 3*k - 132 = -2*r, k - 36 = 2*r. Let i = k - 39. Suppose 2*c + 4*t = -2*c + 124, -i*c - 5*t = -99. Calculate the greatest common factor of 4 and c.
4
Let o = 104 + -92. Suppose o*s + 222 = 15*s. Let y = s - 72. Calculate the greatest common divisor of y and 8.
2
Suppose 0 = -9*s - 58 + 2731. Suppose -31*k = -22*k - s. Calculate the highest common factor of k and 759.
33
Let v(i) = -i**3 - 8*i**2 + 100. Let o be v(-6). What is the greatest common factor of 604 and o?
4
Let s(g) = -11*g**3 + 7*g**2 + 6*g - 8. Let d be s(-2). What is the highest common divisor of 992 and d?
32
Let r be 3*(-6)/12*(-14 + 0). Let n be ((-20)/8)/((r/66)/(-7)). What is the highest common divisor of n and 44?
11
Suppose 2*x = -2*n + 970, 3*x + 685 = 3*n - 740. Let q be (56/(-6))/(-2) - (-261)/783. Calculate the greatest common divisor of n and q.
5
Suppose -7*c - 13*c = -0*c - 34800. What is the highest common divisor of c and 60?
60
Let v = 8081 + -7685. What is the highest common divisor of v and 14?
2
Let v be (-61)/((-4392)/96)*(5335 - 1). What is the greatest common divisor of v and 14?
14
Let f be (-12)/(-30) + -2 + 76923/55. What is the highest com